{"id":19,"date":"2020-01-14T20:49:03","date_gmt":"2020-01-14T11:49:03","guid":{"rendered":"https:\/\/franchir-japan.com\/spanish\/?page_id=19"},"modified":"2023-01-13T20:38:24","modified_gmt":"2023-01-13T11:38:24","slug":"privacy","status":"publish","type":"page","link":"https:\/\/franchir-japan.com\/spanish\/privacy\/","title":{"rendered":"Pol\u00edtica de protecci\u00f3n de datos personales"},"content":{"rendered":"<div class=\"about-image\"><h1>Pol\u00edtica de protecci\u00f3n de datos personales<\/h1><\/div>\r\n\r\n<h2>Principios de la protecci\u00f3n de datos personales<\/h2>\r\n\r\n<div class=\"franchir-description\" style=\"margin-bottom: 30px\">\r\nLas principales actividades comerciales de Franchir Co., Ltd. (en adelante, \u00abla empresa\u00bb) son los servicios de interpretaci\u00f3n y traducci\u00f3n, y el env\u00edo de personal. Los datos personales obtenidos de nuestros clientes y empleados a trav\u00e9s de nuestras actividades comerciales (en adelante, \u00abdatos personales\u00bb) son informaci\u00f3n importante para la empresa, y reconocemos que garantizar su protecci\u00f3n es una de nuestras principales responsabilidades sociales. Por lo tanto, la empresa trata los datos personales obtenidos a trav\u00e9s de sus actividades comerciales de acuerdo con la siguiente pol\u00edtica y se compromete a brindarles \u00abtranquilidad\u00bb a sus clientes y empleados mediante el cumplimiento de su responsabilidad social en dicha materia.\r\n<\/div>\r\n\r\n<h2>Pol\u00edtica<\/h2>\r\n\r\n<div class=\"franchir-description\">\r\n<ul class=\"list-number\">\r\n\r\n\t<li>De la adquisici\u00f3n, el uso y el suministro de los datos personales\r\n\t\t<ul class=\"list-circle\">\r\n\t\t\t<li>Los datos personales se obtendr\u00e1n por medios legales y justos.<\/li>\r\n<li>Los datos personales solo se utilizar\u00e1n en la medida necesaria para lograr el prop\u00f3sito de su uso.<\/li>\r\n<li>En caso de facilitar datos personales a terceros, se obtendr\u00e1 previamente el consentimiento de los titulares de dichos datos.<\/li>\r\n<li>Los datos personales obtenidos no se utilizar\u00e1n para ning\u00fan otro fin, y se tomar\u00e1n medidas para garantizar que as\u00ed sea.<\/li>\r\n<li>Si surge la necesidad de utilizar los datos para fines distintos, se volver\u00e1 a obtener consentimiento previo sobre las nuevas finalidades de uso.<\/li>\r\n\t\t<\/ul>\r\n\t<\/li>\r\n\t<li>De las leyes y reglamentos, directrices y otras normas establecidas por el Estado (en adelante, \u00ableyes y reglamentos\u00bb)\r\n\t\t<ul class=\"list-circle\">\r\n\t\t\t<li>Nos esforzamos por mantenernos al tanto de las leyes y reglamentos relacionados con las actividades que implican el manejo de informaci\u00f3n personal, y nos aseguramos de que, al intervenir en ellas, nuestros empleados (en lo sucesivo, \u00abempleados\u00bb) est\u00e9n informados sobre dichas leyes y reglamentos, y los cumplan.<\/li>\r\n\t\t<\/ul>\r\n\t<\/li>\r\n\t<li>De la gesti\u00f3n segura de los datos personales\r\n\t\t<ul class=\"list-circle\">\r\n\t\t\t<li>Para evitar diversos riesgos, como el acceso no autorizado a los datos personales, la filtraci\u00f3n, la p\u00e9rdida o el da\u00f1o de dichos datos, se establece y mantiene un sistema que establece medidas correctivas r\u00e1pidas para la gesti\u00f3n segura de la informaci\u00f3n personal.<\/li>\r\n<li>Se llevan a cabo inspecciones, se rectifica con prontitud cualquier infracci\u00f3n o accidente detectado, y se toman medidas preventivas contra las vulnerabilidades.<\/li>\r\n<li>Formar a fondo a todos los empleados en materia de seguridad.<\/li>\r\n\t\t<\/ul>\r\n\t<\/li>\r\n\r\n\t<li>De los reclamos y las consultas\r\n\t\t<ul class=\"list-circle\">\r\n\t\t\t<li>Para atender los reclamos y consultas sobre el tratamiento de los datos personales, se ha creado un servicio de consultas sobre datos personales, destinado a garantizar su atenci\u00f3n con prontitud y buena fe.<\/li>\r\n\t\t<\/ul>\r\n\t<\/li>\r\n\r\n\t<li>De la mejora continua\r\n\t\t<ul class=\"list-circle\">\r\n\t\t\t<li>El sistema de gesti\u00f3n de la protecci\u00f3n de datos personales de la empresa controla y audita el cumplimiento de las normas internas de protecci\u00f3n de datos personales, para detectar infracciones, incidentes, accidentes y deficiencias, y es revisado por la direcci\u00f3n. Esto se refleja en las medidas de gesti\u00f3n y los reglamentos internos, y se realizan esfuerzos para mejorar continuamente dicho sistema de gesti\u00f3n.<\/li>\r\n<li>Las mejoras se efect\u00faan de acuerdo con las leyes vigentes y las normas JIS Q 15001.<\/li>\r\n\t\t<\/ul>\r\n\t<\/li>\r\n\r\n<\/ul>\r\n<\/div>\r\n\r\n<div class=\"franchir-description\" style=\"text-align: right\">\r\nFecha de declaraci\u00f3n: 1 de abril de 2014<br \/>\r\nFecha de la \u00faltima modificaci\u00f3n: 1 de abril de 2022<br \/>\r\nFranchir Co., Ltd.<br \/>\r\nDirectora Representante: Ito Hisae\r\n<\/div>\r\n\r\n<h2 style=\"margin-top: 30px;\">Para consultas sobre la pol\u00edtica de privacidad, p\u00f3ngase en contacto con:<\/h2>\r\n\r\n<div class=\"franchir-description\">\r\n<div class=\"scroll\">\r\n<table class=\"privacy_table\">\r\n<tr>\r\n<td>\r\nServicio de consultas sobre datos personales, Franchir Co., Ltd.<br \/>\r\n4-19-27 Mejiro, Toshima-ku, Tokio 171-0031, Jap\u00f3n<br \/>\r\nTel.: <a href=\"tel:0369083671\">03-6908-3671<\/a> (de lunes a viernes, de 10:00 a 17:00)<br \/>\r\nFax: 03-6908-3672 (recepci\u00f3n las 24 horas)<br \/>\r\nGesti\u00f3n de datos personales &#8211; Responsable de la protecci\u00f3n de los datos personales: Ito, Hisae\r\n<\/td>\r\n<\/tr>\r\n<\/table>\r\n<\/div>\r\n<\/div>\r\n\r\n\r\n<h2 style=\"margin-top: 60px;\">Tratamiento de los datos personales<\/h2>\r\n\r\n<div class=\"franchir-description\" style=\"margin-bottom: 30px\">\r\nDe los prop\u00f3sitos de uso de los datos personales, etc.\r\n<div class=\"scroll\">\r\n<table class=\"privacy_table\">\r\n<tr>\r\n<th>Tipos de datos personales<\/th>\r\n<th>Prop\u00f3sitos de uso<\/th>\r\n<th>Categor\u00eda de confidencialidad<\/th>\r\n<\/tr>\r\n<tr>\r\n<td>Informaci\u00f3n de quienes han solicitado documentos o realizado consultas<\/td>\r\n<td>Respuestas a consultas y suministro de informaci\u00f3n sobre servicios<\/td>\r\n<td style=\"text-align: center;\">No confidencial<\/td>\r\n<\/tr>\r\n<tr>\r\n<td>Informaci\u00f3n de clientes y socios comerciales<\/td>\r\n<td>Comunicaciones con socios comerciales, ejecuci\u00f3n de contratos, solicitudes de ejecuci\u00f3n, etc.<\/td>\r\n<td style=\"text-align: center;\">No confidencial<\/td>\r\n<\/tr>\r\n<tr>\r\n<td>Informaci\u00f3n sobre posibles empleados o postulantes<\/td>\r\n<td>Selecci\u00f3n de personal y comunicaciones sobre contrataci\u00f3n<\/td>\r\n<td style=\"text-align: center;\">No confidencial<\/td>\r\n<\/tr>\r\n<tr>\r\n<td>Datos de empleados<\/td>\r\n<td>Gesti\u00f3n de recursos humanos, tareas generales, etc.<\/td>\r\n<td style=\"text-align: center;\">No confidencial<\/td>\r\n<\/tr>\r\n<tr>\r\n<td>Datos proporcionados por socios comerciales<\/td>\r\n<td>Para servicios de traducci\u00f3n e interpretaci\u00f3n, etc.<\/td>\r\n<td style=\"text-align: center;\">Confidencial<\/td>\r\n<\/tr>\r\n<\/table>\r\n<\/div>\r\n<\/div>\r\n\r\n\r\n\r\n<div class=\"franchir-description\" style=\"margin-bottom: 30px\">\r\nDe las medidas adoptadas para la gesti\u00f3n segura de los datos personales en nuestro poder.\r\n<div class=\"scroll\">\r\n<table class=\"privacy_table\">\r\n<tr>\r\n<td>Formulaci\u00f3n de la pol\u00edtica b\u00e1sica<\/td>\r\n<td>Nuestra pol\u00edtica de privacidad est\u00e1 publicada en el sitio web de la empresa.<\/td>\r\n<\/tr>\r\n<tr>\r\n<td>Cumplimiento normativo<\/td>\r\n<td>Se han formulado normas sobre los m\u00e9todos de manipulaci\u00f3n de dichos datos, las personas encargadas y sus obligaciones en cada fase (obtenci\u00f3n, utilizaci\u00f3n, suministro y eliminaci\u00f3n), que se revisan peri\u00f3dicamente.<\/td>\r\n<\/tr>\r\n<tr>\r\n<td>Medidas de gesti\u00f3n de la seguridad de la organizaci\u00f3n<\/td>\r\n<td>Se realizan autoinspecciones peri\u00f3dicas y auditor\u00edas internas y externas.<\/td>\r\n<\/tr>\r\n<tr>\r\n<td>Medidas de gesti\u00f3n de la seguridad de las personas<\/td>\r\n<td>Se obtiene el juramento de confidencialidad de los empleados y se les brinda formaci\u00f3n peri\u00f3dica.<\/td>\r\n<\/tr>\r\n<tr>\r\n<td>Medidas de gesti\u00f3n de la seguridad de los bienes<\/td>\r\n<td>Se controlan las \u00e1reas donde se manejan datos personales y se previene el robo de equipos y soportes electr\u00f3nicos de datos, etc.<\/td>\r\n<\/tr>\r\n<tr>\r\n<td>Medidas de gesti\u00f3n de la seguridad tecnol\u00f3gica<\/td>\r\n<td>Se aplican mecanismos de protecci\u00f3n contra el acceso no autorizado desde el exterior.<\/td>\r\n<\/tr>\r\n<tr>\r\n<td>Comprensi\u00f3n del entorno externo<\/td>\r\n<td>Los datos personales, etc. se almacenan utilizando servicios en la nube.<br \/>\r\nLas sedes (regiones) de los centros de datos de dichos servicios en la nube se encuentran principalmente en Jap\u00f3n, Estados Unidos, la Uni\u00f3n Europea, etc. *1<br \/>\r\nProcuramos verificar que dichos servicios en la nube tengan los controles de acceso adecuados, y hacemos todo lo posible para conocer los sistemas de protecci\u00f3n de datos personales de esos pa\u00edses y regiones. *2<br \/>\r\n<br \/>\r\n*1: Es pr\u00e1cticamente imposible conocer todas las regiones, ya que algunos centros de datos pueden estar distribuidos por todo el mundo sin que se haga p\u00fablica su ubicaci\u00f3n, por razones de seguridad.<br \/>\r\n*2: A pesar de la dificultad que supone hacer un seguimiento de todos los sistemas locales de protecci\u00f3n de datos personales, por las razones expuestas en *1, se procura seleccionar servicios con certificaciones fiables, tales como ISO\/IEC 27001, ISO\/IEC 27017 e ISO\/IEC 27018.\r\n<\/td>\r\n<\/tr>\r\n<\/table>\r\n<\/div>\r\n<\/div>\r\n\r\n\r\n\r\n<div class=\"franchir-description\">\r\nDe los procedimientos de solicitud de acceso a datos personales, etc.\r\n<\/div>\r\n\r\n<div class=\"franchir-description\" style=\"margin-bottom: 30px\">\r\nA continuaci\u00f3n, se detalla el procedimiento a seguir ante las solicitudes relativas a los datos personales almacenados por la empresa que requieran la notificaci\u00f3n de las finalidades de uso, el acceso a datos, las correcciones, adiciones o anulaciones, el cese de su uso, la eliminaci\u00f3n y el cese de su suministro a terceros, o bien el registro de su suministro a terceros (en lo sucesivo denominadas \u00absolicitudes de acceso\u00bb), recibidas de los titulares o de sus representantes.\r\n<\/div>\r\n\r\n<div class=\"franchir-description\">\r\n<ul class=\"list-number\">\r\n\r\n\t<li>Contacto para solicitudes de acceso a datos personales, etc.\r\n\t\t<ul>\r\n\t\t\t<li>Para solicitudes de acceso a sus datos personales, etc., env\u00ede el Formulario de solicitud de acceso a datos personales por la v\u00eda que considere m\u00e1s conveniente (correo electr\u00f3nico, fax o correo postal).<br \/>\r\nSi nos lo env\u00eda por correo, utilice un servicio con registro o seguimiento, como el correo certificado, de manera que pueda rastrearse o verificarse la entrega.<br \/>\r\nLe rogamos que indique en rojo en el sobre \u00abSolicitud de acceso a datos personales adjunta\u00bb.<br \/>\r\nTambi\u00e9n puede ponerse en contacto con la empresa si desea recibirlos como archivo adjunto por correo electr\u00f3nico.<\/li>\r\n\t\t<\/ul>\r\n\t<\/li>\r\n\r\n\t<li>Documentos a presentar para la solicitud de acceso a datos\r\n\t\t<ul>\r\n\t\t\t<li>Para solicitar el acceso a datos, por favor, complete todos los puntos del Formulario de solicitud de acceso a datos personales.<br \/>\r\nPor regla general, el acceso a los datos personales almacenados se gestiona de la manera indicada por el interesado. Para el acceso por medios digitales, en papel o por cualquier otro m\u00e9todo determinado por la empresa, por favor, complete todos los campos del Formulario de solicitud de acceso a datos personales.<br \/>\r\n*Si dar acceso a los datos mediante el m\u00e9todo indicado por el titular resultara extremadamente oneroso para la empresa, por ejemplo, por requerirse un gasto cuantioso, podr\u00edamos no tener otra opci\u00f3n m\u00e1s que brindarle los datos por un medio determinado por la empresa.<\/li>\r\n\t\t<\/ul>\r\n\t<\/li>\r\n\r\n\t<li>Identificaci\u00f3n personal\r\n\t\t<ul>\r\n\t\t\t<li>La empresa realizar\u00e1 una verificaci\u00f3n telef\u00f3nica para confirmar la identidad de la persona que solicita el acceso a datos. Sin embargo, si no es posible la verificaci\u00f3n por tel\u00e9fono, se le puede pedir una copia de su permiso de conducir, certificado de residencia o tarjeta de seguro m\u00e9dico.<\/li>\r\n\t\t<\/ul>\r\n\t<\/li>\r\n\r\n\t<li>Solicitud de acceso a datos por medio de representantes<br \/>\r\nSi desea autorizar a un representante a efectuar una solicitud de acceso a datos, adem\u00e1s del Formulario de solicitud de acceso a datos personales, prepare los siguientes documentos.\r\n\t\t<ul class=\"list-number\">\r\n\t\t\t<li>Copia de un documento que confirme la identidad del representante<br \/>\r\nUna copia de uno de los siguientes: permiso de conducir, certificado de residencia o tarjeta de seguro m\u00e9dico.<br \/>\r\n*Por favor, oculte el lugar de residencia en la copia que env\u00ede.<\/li>\r\n\t\t\t<li>Poder (debe estar sellado por el titular y llevar adjunto el certificado de registro de su sello; si el representante es un representante o tutor legal, se admite la presentaci\u00f3n de un documento que demuestre la relaci\u00f3n con el titular en lugar de un poder)<\/li>\r\n\t\t<\/ul>\r\n\t<\/li>\r\n\r\n\t<li>Cargos por solicitudes de acceso a datos y notificaciones sobre las finalidades de su uso\r\n\t\t<ul>\r\n\t\t\t<li>Se cobra una tarifa de 500 yenes (m\u00e1s impuestos) por cada solicitud de acceso a datos personales y notificaci\u00f3n sobre las finalidades de su uso.<br \/>\r\nPara el pago de dicha tarifa, se debe realizar una transferencia bancaria por 500 yenes (m\u00e1s impuestos).<br \/>\r\n*Cuando confirmemos su identidad, le facilitaremos los datos de la cuenta bancaria para la transferencia.<br \/>\r\n*Los gastos de transferencia quedan a cargo del solicitante.<br \/>\r\nTenga en cuenta que si la tarifa resultara insuficiente o si no se pudiera verificar la transferencia, no se permitir\u00e1 el acceso a datos ni se realizar\u00e1 la notificaci\u00f3n sobre las finalidades de su uso.<\/li>\r\n\t\t<\/ul>\r\n\t<\/li>\r\n\r\n\t<li>Canales de respuesta a las solicitudes de acceso a datos\r\n\t\t<ul>\r\n\t\t\t<li>Responderemos a sus solicitudes por el medio m\u00e1s conveniente para el titular de los datos (correo electr\u00f3nico, fax o correo postal).<\/li>\r\n\t\t<\/ul>\r\n\t<\/li>\r\n\r\n\t<li>Nombre de la organizaci\u00f3n autorizada para la protecci\u00f3n de datos personales y datos de contacto para reclamos\r\n\t\t<ul>\r\n\t\t\t<li>Oficina de Reclamos sobre la Protecci\u00f3n de Datos Personales, Instituto Japon\u00e9s para la Promoci\u00f3n de las Econom\u00edas y las Sociedades Digitales (JIPDEC)\r\n Roppongi First Bldg. 12F, 1-9-9 Roppongi, Minato-ku, Tokio 106-0032, Jap\u00f3n<br \/>Tel.: <a href=\"tel:0120700779\">0120-700-779<\/a><br \/>\r\n<br \/>\r\n*Por favor, tenga en cuenta que el anterior no es un medio de contacto para consultas sobre nuestros productos y servicios.<br \/>\r\n*En caso de que considere que nuestra gesti\u00f3n de sus datos personales no es adecuada, desear\u00edamos que primero nos presentara un reclamo y, en caso de no quedar satisfecho con nuestra respuesta, podr\u00e1 presentar su reclamo ante la mencionada \u00aborganizaci\u00f3n autorizada para la protecci\u00f3n de datos personales\u00bb.<\/li>\r\n\t\t<\/ul>\r\n\t<\/li>\r\n\r\n<\/ul>\r\n<\/div>\r\n\r\n<div class=\"franchir-description\" style=\"margin-bottom: 30px\">\r\nSi tiene alguna pregunta, queja o consulta sobre los datos personales que posee la empresa, p\u00f3ngase en contacto con la siguiente oficina:\r\n<\/div>\r\n\r\n<div class=\"franchir-description\">\r\n<div class=\"scroll\">\r\n<table class=\"privacy_table\">\r\n<tr>\r\n<td>\r\nServicio de consultas sobre datos personales, Franchir Co., Ltd.<br \/>\r\n4-19-27 Mejiro, Toshima-ku, Tokio 171-0031, Jap\u00f3n<br \/>\r\nTel.: <a href=\"tel:0369083671\">03-6908-3671<\/a> (de lunes a viernes, de 10:00 a 17:00)<br \/>\r\nFax: 03-6908-3672 (recepci\u00f3n las 24 horas)<br \/>\r\nGesti\u00f3n de datos personales &#8211; Responsable de la protecci\u00f3n de los datos personales: Ito, Hisae\r\n<\/td>\r\n<\/tr>\r\n<\/table>\r\n<\/div>\r\n<\/div>\r\n\r\n\r\n<h2 style=\"margin-top: 60px;\">Tratamiento de los datos personales (consentimiento)<\/h2>\r\n\r\n\r\n<div class=\"franchir-description\" style=\"margin-bottom: 30px\">\r\nDe los prop\u00f3sitos de uso de los datos personales, etc.\r\n<div class=\"scroll\">\r\n<table class=\"privacy_table\">\r\n<tr>\r\n<th>Tipos de datos personales<\/th>\r\n<th>Prop\u00f3sitos de uso<\/th>\r\n<th>Categor\u00eda de confidencialidad<\/th>\r\n<\/tr>\r\n<tr>\r\n<td>Informaci\u00f3n de quienes han solicitado documentos o realizado consultas<\/td>\r\n<td>Respuestas a consultas y suministro de informaci\u00f3n sobre servicios<\/td>\r\n<td style=\"text-align: center;\">No confidencial<\/td>\r\n<\/tr>\r\n<tr>\r\n<td>Informaci\u00f3n de clientes y socios comerciales<\/td>\r\n<td>Comunicaciones con socios comerciales, ejecuci\u00f3n de contratos, solicitudes de ejecuci\u00f3n, etc.<\/td>\r\n<td style=\"text-align: center;\">No confidencial<\/td>\r\n<\/tr>\r\n<tr>\r\n<td>Informaci\u00f3n sobre posibles empleados o postulantes<\/td>\r\n<td>Selecci\u00f3n de personal y comunicaciones sobre contrataci\u00f3n<\/td>\r\n<td style=\"text-align: center;\">No confidencial<\/td>\r\n<\/tr>\r\n<tr>\r\n<td>Datos de empleados<\/td>\r\n<td>Gesti\u00f3n de recursos humanos, tareas generales, etc.<\/td>\r\n<td style=\"text-align: center;\">No confidencial<\/td>\r\n<\/tr>\r\n<tr>\r\n<td>Datos proporcionados por socios comerciales<\/td>\r\n<td>Para servicios de traducci\u00f3n e interpretaci\u00f3n, etc.<\/td>\r\n<td style=\"text-align: center;\">Confidencial<\/td>\r\n<\/tr>\r\n<\/table>\r\n<\/div>\r\n<\/div>\r\n\r\n<div class=\"franchir-description\">\r\nDel suministro de informaci\u00f3n a terceros\r\n<\/div>\r\n\r\n<div class=\"franchir-description\" style=\"margin-bottom: 30px\">\r\nLa empresa no facilitar\u00e1 ning\u00fan dato personal a terceros sin el consentimiento de sus titulares, excepto cuando lo exija la ley.\r\n<\/div>\r\n\r\n<div class=\"franchir-description\">\r\nDel suministro de informaci\u00f3n a terceros ubicados en el extranjero\r\n<\/div>\r\n\r\n<div class=\"franchir-description\" style=\"margin-bottom: 30px\">\r\nNo proporcionamos datos personales a terceros ubicados en el extranjero.\r\n<\/div>\r\n\r\n<div class=\"franchir-description\">\r\nDe la externalizaci\u00f3n del tratamiento de los datos personales\r\n<\/div>\r\n\r\n<div class=\"franchir-description\" style=\"margin-bottom: 30px\">\r\nLa empresa, en el ejercicio de sus actividades, subcontrata parte de sus operaciones para ofrecer mejores servicios y puede confiarles informaci\u00f3n personal a sus subcontratados. En dichos casos, se seleccionan los subcontratados considerando que manejen los datos personales de forma adecuada, y se les exige por contrato u otros medios que tomen medidas para evitar la filtraci\u00f3n de datos de clientes mediante la gesti\u00f3n adecuada y la confidencialidad de los datos personales.\r\n<\/div>\r\n\r\n<div class=\"franchir-description\">\r\nDel car\u00e1cter voluntario de la entrega de los datos personales\r\n<\/div>\r\n\r\n<div class=\"franchir-description\" style=\"margin-bottom: 30px\">\r\nLa entrega de datos personales a la empresa es voluntaria. Sin embargo, tenga en cuenta que si no nos proporciona sus datos personales, es posible que no podamos responderle o brindarle nuestros servicios.\r\n<\/div>\r\n\r\n<div class=\"franchir-description\">\r\n<div class=\"scroll\">\r\n<table class=\"privacy_table\">\r\n<tr>\r\n<td>\r\nServicio de consultas sobre datos personales, Franchir Co., Ltd.<br \/>\r\n4-19-27 Mejiro, Toshima-ku, Tokio 171-0031, Jap\u00f3n<br \/>\r\nTel.: <a href=\"tel:0369083671\">03-6908-3671<\/a> (de lunes a viernes, de 10:00 a 17:00)<br \/>\r\nFax: 03-6908-3672 (recepci\u00f3n las 24 horas)<br \/>\r\nGesti\u00f3n de datos personales &#8211; Responsable de la protecci\u00f3n de los datos personales: Ito, Hisae\r\n<\/td>\r\n<\/tr>\r\n<\/table>\r\n<\/div>\r\n<\/div>\r\n\r\n<div class=\"franchir-description\" style=\"text-align: right;\">\r\nFecha de declaraci\u00f3n: 1 de abril de 2014<br \/>\r\nFecha de la \u00faltima modificaci\u00f3n: 1 de abril de 2022<br \/>\r\nFranchir Co., Ltd.<br \/>\r\nDirectora Representante: Ito Hisae\r\n<\/div>","protected":false},"excerpt":{"rendered":"<p>Pol\u00edtica de protecci\u00f3n de datos personales Principios de la protecci\u00f3n de datos personales Las principales actividades comerciales de Franchir Co., Ltd. (en adelante, \u00abla empresa\u00bb) son los servicios de interpretaci\u00f3n y traducci\u00f3n, y el env\u00edo de personal. Los datos personales obtenidos de nuestros clientes y empleados a trav\u00e9s de nuestras actividades comerciales (en adelante, \u00abdatos personales\u00bb) son informaci\u00f3n importante para la empresa, y reconocemos que garantizar su protecci\u00f3n es una de nuestras principales responsabilidades sociales. Por lo tanto, la empresa trata los datos personales obtenidos a trav\u00e9s de sus actividades comerciales de acuerdo con la siguiente pol\u00edtica y se compromete a brindarles \u00abtranquilidad\u00bb a sus clientes y empleados mediante el [&hellip;]<\/p>\n","protected":false},"author":1,"featured_media":0,"parent":0,"menu_order":0,"comment_status":"closed","ping_status":"closed","template":"page.php","meta":[],"_links":{"self":[{"href":"https:\/\/franchir-japan.com\/spanish\/wp-json\/wp\/v2\/pages\/19"}],"collection":[{"href":"https:\/\/franchir-japan.com\/spanish\/wp-json\/wp\/v2\/pages"}],"about":[{"href":"https:\/\/franchir-japan.com\/spanish\/wp-json\/wp\/v2\/types\/page"}],"author":[{"embeddable":true,"href":"https:\/\/franchir-japan.com\/spanish\/wp-json\/wp\/v2\/users\/1"}],"replies":[{"embeddable":true,"href":"https:\/\/franchir-japan.com\/spanish\/wp-json\/wp\/v2\/comments?post=19"}],"version-history":[{"count":5,"href":"https:\/\/franchir-japan.com\/spanish\/wp-json\/wp\/v2\/pages\/19\/revisions"}],"predecessor-version":[{"id":64,"href":"https:\/\/franchir-japan.com\/spanish\/wp-json\/wp\/v2\/pages\/19\/revisions\/64"}],"wp:attachment":[{"href":"https:\/\/franchir-japan.com\/spanish\/wp-json\/wp\/v2\/media?parent=19"}],"curies":[{"name":"wp","href":"https:\/\/api.w.org\/{rel}","templated":true}]}}